0 = -2*h. Calculate the remainder when h is divided by 13.
12
Let b = -11 + 20. Suppose h - b - 7 = 0. What is the remainder when 31 is divided by h?
15
Let n(l) = l**2 + 6*l + 17. Calculate the remainder when 130 is divided by n(-5).
10
Suppose k = -3, w - 3*k - 137 = -3*w. Calculate the remainder when w is divided by 11.
10
Let x be (-2 + 0)/((-1)/2). Let o = 42 - x. Calculate the remainder when o is divided by (-3)/(-3)*1 - -19.
18
Let v(s) = 14*s**2. What is the remainder when 38 is divided by v(-1)?
10
Suppose 2*f - 3*f - 212 = -4*s, -96 = -2*s - 2*f. Suppose -26 = -2*u - 2*t, 2*u - 6*u = -t - s. What is the remainder when u is divided by 5?
3
Let h(o) = 1 - 5 - 7*o + 5*o. Calculate the remainder when 9 is divided by h(-5).
3
Let r(q) be the first derivative of q**2/2 + 2*q - 2. What is the remainder when 26 is divided by r(7)?
8
Let c(w) = -9*w + 1. Calculate the remainder when c(-11) is divided by 34.
32
Suppose 3*l = -l. Suppose 0 = k - 2*t - 15, -t + l*t - 1 = 0. Suppose 4*a - 4 = -4*g + 36, 2*a - 3*g = -5. Calculate the remainder when k is divided by a.
3
Let u(g) = g**3 - 5*g**2 - 5*g - 3. What is the remainder when (-1)/(-1)*28/4 is divided by u(6)?
1
Suppose -2*p = 2*p. Let c be (-1)/((-1)/27) - p. Suppose 27 = 3*f - c. What is the remainder when 35 is divided by f?
17
Suppose -5*t + 0*t = -5*y - 25, 5*t - 35 = -5*y. Let l be (-3 + t)*(-1)/(-1). What is the remainder when 14 is divided by l/(-5) - (-56)/10?
4
Suppose -42 = -5*n + 3. Calculate the remainder when 17 is divided by n.
8
Let d = 2 + 0. Suppose -2*v + 6 = d*r + 18, r + 15 = -4*v. What is the remainder when 7 is divided by 5 - (v - -2 - -2)?
3
Let j = -7 + 11. Suppose 53 = j*y - 75. Suppose a - 10 = 7. Calculate the remainder when y is divided by a.
15
Suppose -77 + 25 = -2*u. Suppose 4*m = 0, 3*m = 3*j - 0*j - 45. Let n = 29 - j. Calculate the remainder when u is divided by n.
12
Suppose 2*p = p + 4*l - 8, -16 = -4*p + 4*l. Let z(u) = u**3 - u**2 - u**2 + 0*u**2 + 2*u - 1. Calculate the remainder when z(3) is divided by p.
6
Suppose -4*r + 5*y + 71 = 0, 2*y + 3*y - 121 = -4*r. Calculate the remainder when 71 is divided by r.
23
Let d(y) = -8*y - 27. Suppose z - 11 = 2*z. What is the remainder when d(z) is divided by 32?
29
Suppose -2*f + 12 = -5*a + 61, 0 = -4*a - f + 34. What is the remainder when 26 is divided by a?
8
Let x(g) = g + 3*g - 5*g - 2. Let u be x(-2). Suppose o = m + 3, u*m = 3*o - m - 19. What is the remainder when 22 is divided by o?
6
Calculate the remainder when 4/(-10) + (-1326)/(-15) is divided by 20.
8
Let f = -52 - -65. What is the remainder when 17 is divided by f?
4
Suppose -3*a - 17 = -s + 42, 4*s + a - 210 = 0. Suppose 2*b - 28 = -2*u, 2*u + 3*b + 48 = 4*u. What is the remainder when s is divided by u?
17
Let j = 95 + -89. Calculate the remainder when j is divided by 3.
0
Suppose -2*j = j. Suppose v + 5 = 4*r, 3*v - 2*r + 4*r - 27 = j. What is the remainder when 19 is divided by v?
5
Suppose 309 = 5*f + 39. Let a = 1 + 18. What is the remainder when f is divided by a?
16
Let q be 53/(-11) + (-4)/22. Let p be (-2)/q + (-33)/(-5). What is the remainder when 29 is divided by (-32)/(-10)*(p + -2)?
13
Let x(q) be the first derivative of q**4/4 + 4*q**3/3 - 4*q**2 - 6*q + 1. What is the remainder when 17 is divided by x(-5)?
8
Suppose -33 = -2*l + 21. Calculate the remainder when 53 is divided by l.
26
Let q(h) be the first derivative of 5*h**4/4 - 3*h**2/2 + h + 3. What is the remainder when q(2) is divided by 12?
11
Suppose 86*s - 89*s = -63. Suppose -3*z + 40 = -146. What is the remainder when z is divided by s?
20
Let z = -47 + 52. Calculate the remainder when 15 is divided by z.
0
Suppose 5*k - 4*k = 34. Calculate the remainder when 127 is divided by k.
25
Suppose 0 = 4*s - 1 - 3. Suppose s = 2*p + 3. What is the remainder when 2*(p - 0) + 30 is divided by 15?
13
Suppose -2*y - 2*s + 22 = 0, -5*s + 33 + 4 = 2*y. Suppose -2*t + 16 = -26. Calculate the remainder when t is divided by y.
3
Suppose -51*b + 32 = -50*b. Calculate the remainder when 157 is divided by b.
29
Let o(k) = 10*k + 14. Let y be o(-6). Let s = y + 65. Calculate the remainder when 75 is divided by s.
18
What is the remainder when (-7)/((-14)/(-4)) + 25 is divided by 8?
7
Suppose -58 = -3*u + 251. Let c = -42 + u. What is the remainder when c is divided by 16?
13
Suppose -4*s - 2*v - 11 = v, 0 = -3*v - 15. Let k(d) = -3 + 0 + 3*d - s. What is the remainder when 40 is divided by k(6)?
12
Let o = 58 - 34. What is the remainder when o is divided by 14?
10
Suppose 36 = 19*v - 15*v. What is the remainder when v is divided by 8?
1
Let p = -10 + 18. Suppose p*d - 4*d - 40 = 0. Calculate the remainder when 19 is divided by d.
9
Suppose 0 = -q + 5*u, 2*u = -3*q + 4*u. Suppose -3*c + q*c + 4*w + 94 = 0, -w = -5*c + 185. Calculate the remainder when c is divided by 371/28 + 2/(-8).
12
Let q be -1*(-1 - (-1 + -4)). Suppose 68 = -3*j + 5*i, 4*j + j + 3*i + 68 = 0. Let z = q - j. Calculate the remainder when 22 is divided by z.
10
Let w = 10 - 0. Let p = 62 - 25. What is the remainder when p is divided by w?
7
Suppose 9 - 39 = -5*l. Calculate the remainder when 20 is divided by 171/15 - l/15.
9
Let d(t) = -t**3 + 7*t**2 - 3*t + 2. Suppose -k - 4*q + 9 = 0, q = 3*q - 2. What is the remainder when d(k) is divided by (-2 - -1) + 14*1?
11
Suppose 0 = -4*y - 51 + 135. Calculate the remainder when y is divided by 12.
9
Let z be 45/(-5)*16/(-3). Let c = -41 + 10. Let f = z + c. What is the remainder when 32 is divided by f?
15
Suppose 0*u + 7 = g + 4*u, 28 = 4*g + 2*u. Calculate the remainder when 1*22 - (1 - -1) is divided by g.
6
Let n be 0 + 1/(-1) + 10. Let y = n - 5. Suppose y*h - 36 = -z, h + 44 = 4*z - 83. Calculate the remainder when z is divided by 11.
10
Suppose 4*n - n - 4*r = 149, -5*n - r = -256. What is the remainder when n is divided by 9?
6
Let j(o) = 2*o**3 - 8*o**2 + 2*o + 7. Calculate the remainder when j(5) is divided by 23.
21
Suppose 5*h - 2 - 8 = 0, 0 = 2*c - h - 30. Suppose -20 = -5*d, -d - 42 = -s - 0*d. What is the remainder when s is divided by c?
14
Suppose 0 - 20 = -5*g. Suppose -4*d + q = -53, 3*d + 29 = g*d + 5*q. What is the remainder when 41 is divided by d?
13
Let d be (-5 - -1)/(2/(-12)). Let r be -14 - ((-4)/2 + 2). Let p = r + d. What is the remainder when 18 is divided by p?
8
Let z = -7 - -8. Suppose -2*n = z - 23. What is the remainder when 32 is divided by n?
10
Suppose -2*v + 7*v - 15 = 0. Suppose -4*b + 3*k = 1 - 18, -v*k - 5 = 2*b. Calculate the remainder when b is divided by 2.
0
Suppose 2*t - l - 78 = -0*t, -5*l - 78 = -2*t. What is the remainder when t is divided by 9?
3
Suppose -4*c = 4*s - 48, 5*s - s - 4*c = 16. Let o = 79 + -74. What is the remainder when s is divided by o?
3
Let l(p) = p**3 - 2*p**2 - 3. Let q be l(3). Let r(m) = -m**2 - 5*m + 2. What is the remainder when r(-3) is divided by ((-4)/q)/(4/(-18))?
2
Let o = -1 - -11. What is the remainder when o is divided by 4/6*12/2?
2
Let r(v) = -v**2 + 13*v - 33. Suppose 3 + 1 = -4*f, -36 = -3*m - 3*f. Calculate the remainder when m is divided by r(8).
6
Suppose 1 = 2*h - 3*h. Suppose -9 = -m + z, 0*m - 4*z = m - 14. What is the remainder when -58*(0 - h)/(-2) is divided by m?
9
Suppose 0 = -q + 2*b - 6, 5*q - 3*b + 15 = 2*b. Suppose 0*u = -4*t + 4*u + 80, -4*t + 85 = -5*u. Let w = t - q. What is the remainder when 43 is divided by w?
13
Suppose 3*c - 1 = -4, -3*a + 10 = 2*c. Let y be a/6*36/8. Suppose 0 = -y*p - 12 + 90. Calculate the remainder when p is divided by 14.
12
Let c = 31 - 3. Calculate the remainder when c is divided by 8.
4
Let x(p) = p**2 + 8*p + 5. Let a be x(-7). Let u(y) = -3*y**3 - 2*y**2 + y + 1. What is the remainder when 42 is divided by u(a)?
12
Let b = -57 + 61. What is the remainder when 31 is divided by b?
3
Let q(u) = -u + 44. Calculate the remainder when q(13) is divided by 11.
9
Let j(r) = r - 3. Let k be j(3). Suppose k = -o + 3*o - 12. Calculate the remainder when 10 is divided by o.
4
Suppose -4*x + 16 = -0*x. Calculate the remainder when x is divided by 2.
0
Let a = 7 - -4. Let x be (14 + 0)*3/(-6). Calculate the remainder when (-138)/x + (-2)/(-7) is divided by a.
9
Suppose j = 4*j - 168. Let w = -151 - -170. What is the remainder when j is divided by w?
18
Le